eds digit of y?
1
Let t = 7 - 4. Suppose -2*l = -t*l + 3. Let d = 4 + l. What is the units digit of d?
7
Suppose 6*y - 30 = y. Let x(j) = 2*j**2 - 2*j**2 + j**2 + j + y. What is the units digit of x(0)?
6
Suppose 3*a = -30 + 459. Suppose 3*f - a = -41. What is the units digit of f?
4
Suppose 6 = 2*i, 7*i - 2*i = -3*v + 393. What is the tens digit of v?
2
Suppose -3*q = -5*z + 16 - 2, 2*q = -3*z - 3. Let k be 2 + (2 - z)*1. Let p = 1 + k. What is the units digit of p?
4
Let h(p) = -p + 5. Let r be h(5). Suppose 3*g + 5*j = 12, j + 15 = 5*g - 33. Suppose l - g = -r*l. What is the units digit of l?
9
Let t(s) = -s**2 + s - 1. Let p be t(2). Let k = p - -7. Suppose -4*b - 2*g + 7*g + 3 = 0, -k*b + 33 = g. What is the units digit of b?
7
Let b(z) = 7 + 6*z - 5*z - 2*z. What is the units digit of b(0)?
7
Let x = -8 - -13. Let p = -1 + x. What is the units digit of p?
4
Let n(o) be the first derivative of -o**3/3 + o**2 + 6*o + 2. Let h(a) = 4*a**2 - 6*a - 19. Let r(w) = 2*h(w) + 7*n(w). What is the units digit of r(-3)?
7
Let w = 11 - 8. Let s(c) = 2*c + w + c**2 + c**2 + 4*c. What is the units digit of s(-4)?
1
Suppose 15 = -3*y - 39. Let u = -12 - y. What is the units digit of u?
6
Let i be (-2)/8 - 26/(-8). Suppose i*h = 2*n - 25, -2*n - 23 = -6*n - 3*h. What is the units digit of n?
8
Let w = -18 - -36. What is the tens digit of w?
1
Let x(b) = -b**2 + 4*b + 8. Let s(m) = -m**2 + 4*m + 7. Let w(i) = -5*s(i) + 4*x(i). What is the units digit of w(6)?
9
Let z(m) = 2*m - 2. Let w be z(-4). What is the units digit of (-74)/(-10) - (-4)/w?
7
Suppose 0*i = -i - 21. Let z = i + 30. What is the units digit of z?
9
Let w = -77 + 126. What is the units digit of w?
9
Let x = -5 + 7. Let f(v) = v**3 - 6*v**2 + 3*v - 7. Let w be f(6). Suppose -2*h - x = -q - 12, w = h + q. What is the units digit of h?
7
Suppose -3*l = 4*w - 245, -2*w - 2*l + 93 + 31 = 0. What is the tens digit of w?
5
Let g(r) = 7*r**3 - 4*r**2 - 3*r + 1. Let d(m) = -6*m**3 + 4*m**2 + 4*m - 1. Let o(h) = -5*d(h) - 4*g(h). What is the tens digit of o(4)?
3
Suppose 40 = 3*n - m - 36, -2*m = -5*n + 126. What is the units digit of n?
6
Suppose i + i + 22 = 0. Let w = -8 - i. Suppose -2*g - 4 = -w*g. What is the units digit of g?
4
Suppose -2*w - 6 + 294 = -3*n, n + 146 = w. What is the units digit of w?
0
Suppose 2*a - n + 47 = 4*n, 0 = 4*n + 20. What is the tens digit of (-846)/a*(1 - -1)?
4
Suppose 4*g = 29 + 23. What is the units digit of g?
3
Suppose 7*o - 3*o - 16 = 0. Suppose 0 = o*x - 0*x - 24. What is the units digit of x?
6
Let b = -6 - -3. What is the tens digit of 36*b*(-3)/18?
1
Suppose 0 = 4*j - 21 - 15. Let p(v) = v**2 - 9*v + 4. What is the units digit of p(j)?
4
Suppose 5*g - 3*f = 52, 3*g - 50 = -2*g + 5*f. Suppose -6*q - 80 = -g*q. What is the tens digit of q?
1
Suppose -s + 26 = -g - g, 4*g = -12. What is the tens digit of s?
2
Let a = 35 - 18. What is the units digit of a?
7
Let i = -12 + 44. Suppose -7 = 5*d - i. What is the units digit of d?
5
Let y be 29/(-3) - (-18)/27. Let v = -7 - y. Suppose 3*g = -v*g + 50. What is the units digit of g?
0
Let f(q) = -2*q - 6. What is the units digit of f(-6)?
6
What is the tens digit of (-328)/(-18) - 4/18?
1
Let k be (8/10)/(16/(-40)). Let v = 2 - 4. What is the units digit of (1 - k) + (0 - v)?
5
Let m be (3/3)/(1/(-4)). Let a = m + -8. Let f = a - -17. What is the units digit of f?
5
Let u be (-12)/(-8)*(0 - -2). Suppose -3*d = -2*o - u + 36, -2*o + 4*d = -38. What is the units digit of o?
9
Let m(x) = -x**3 + x**2 - x + 27. Suppose 5*o - 4 = l, -l = -5*o + o + 4. What is the tens digit of m(o)?
2
What is the units digit of 48/10*60/8?
6
Let f be (-12)/18 - 59/(-3). Let m = -3 + f. What is the tens digit of m?
1
Suppose i - 24 = -5. Suppose i = 5*n - 36. What is the tens digit of n?
1
Let n(q) = 2*q**2 + 2*q - 2. Let k be n(-6). Suppose 4*m = k + 34. What is the tens digit of m?
2
Suppose -6 = -3*s + 2*x, 2*s + x = -0*s - 3. Let d(q) be the first derivative of q**2/2 + 7*q - 1. What is the units digit of d(s)?
7
Let u = 6 + -12. Let q(f) be the third derivative of f**5/60 + 7*f**4/24 + 4*f**3/3 + 5*f**2. What is the units digit of q(u)?
2
Let d(b) = -b**3 - 17*b**2 - 4*b - 21. What is the units digit of d(-17)?
7
Suppose -9*l + 10*l - 4 = 0. What is the units digit of l?
4
Let t(i) = -5*i - 2. Let g be t(-3). Let d = g - 3. What is the units digit of d?
0
Let u(q) = -8*q + 1. Let c be u(-1). Let i = 4 + c. What is the tens digit of i?
1
Suppose -3*r = -5*l + 102, -5*l + r + 14 = -80. What is the tens digit of l?
1
Let o(r) = r**3 + 3*r**2 - 2. Let l be o(-3). What is the units digit of l*(7/(-2) - 1)?
9
Suppose 0 = -5*a - 25, g + 0*a - 209 = a. What is the units digit of g?
4
Suppose 0 = -5*d - 0*j + 2*j + 25, -2*d - 3*j = 9. Let h be 2/(d/(-6)*-1). Suppose 2*k + 22 = h*k. What is the tens digit of k?
1
Let m = -7 + 12. Suppose 0 = -m*s + 136 - 46. What is the tens digit of s?
1
Let k be (-3)/15 - 22/(-10). Let b = -71 - -99. Suppose -2*x + 3*q + 0*q + 12 = 0, -3*x = -k*q - b. What is the tens digit of x?
1
What is the units digit of ((-4)/((-16)/49))/((-12)/(-48))?
9
Let f = -128 + 179. Suppose l - f = -11. What is the units digit of l?
0
Let i be 0*(-1)/(2 - 1). Suppose i = -x - 1 + 5. Suppose x*q - q = 15. What is the units digit of q?
5
Let q(p) = p**2 + 5*p - 2. Let g be q(5). Suppose 28 + g = 2*u. What is the units digit of u?
8
Let p(u) = u**3 + 10*u**2 - 6*u - 20. What is the tens digit of p(-9)?
1
Suppose 3*j - 315 = -3*k, 2*k - 285 = 4*j - 57. What is the units digit of k?
8
Suppose -m - 2*l - 10 = -5*l, 5*m + l - 30 = 0. Let b = -26 - -29. Suppose -84 = m*p - b*w - 206, -3*p + w = -70. What is the units digit of p?
2
Suppose 0 = -2*y - 2*y + 8. Suppose t + b = 2, 5*t = -6*b + y*b + 11. Suppose 5*u + 85 = 5*q, 0*q - t*u + 14 = 2*q. What is the units digit of q?
3
Let l be (-3)/(9/(-60)) - 3. What is the units digit of (l/5)/(3/15)?
7
Let u be 26/91 - (-26)/7. Suppose -u*s + 36 = -s. What is the units digit of s?
2
Let o = 10 + -4. Let i(u) = 3*u - 2. Let l(w) = w - 1. Let p(y) = i(y) - 2*l(y). What is the units digit of p(o)?
6
Suppose 5*x = -j + 2 + 8, -5*x = 2*j - 15. Let z be (2 - 2 - x)*4. Let u = z - -12. What is the units digit of u?
8
Let z be 152/32 + (-1)/(-4). Suppose 0 = a - 2 - z. What is the units digit of a?
7
Let l(r) = r**3 - 2*r**2 + 5*r - 5. What is the units digit of l(2)?
5
Let l be 0*((-2)/(-4) - 1). Let a = l + -2. What is the units digit of -3*9*a/6?
9
Let m(j) = -j. Let g be m(4). Let i = 5 + g. What is the units digit of i?
1
Suppose 2*j = -3 - 3. Let a = 3 - 9. Let t = j - a. What is the units digit of t?
3
Let m(x) = -x**3 - 4*x**2 - 3*x - 9. What is the units digit of m(-5)?
1
Let f(s) = -s**2 + 10*s - 7. Suppose 50 = 5*p + 4*n, -2*n - 2 = -12. What is the tens digit of f(p)?
1
Suppose 4*v + 12 = 0, r = -0*r + 4*v + 17. Suppose -r + 20 = 5*m. What is the units digit of m?
3
Let v be 7/2*(2 - 0). Let s = 9 + v. What is the units digit of s?
6
Let c(y) = 36*y - 2. What is the units digit of c(2)?
0
Let u be ((-8)/20)/(1/5). Let x be 1 + (u - -3) - -6. Suppose 7 = 5*o - x. What is the units digit of o?
3
Let i = -19 + 19. Suppose -3*m = -3*z - 6, z - 28 = -2*m - 3*m. Suppose i = m*o - 52 - 23. What is the units digit of o?
5
Let o(c) = c + 1. Let v(x) = -12*x**3 - 2*x**2 - 5*x - 4. Let l(r) = -5*o(r) - v(r). What is the tens digit of l(1)?
1
Let d = -5 - 0. Let u = d - -11. What is the units digit of u?
6
Let j = -52 - -88. What is the tens digit of j?
3
Let d be -2 - (-1 + 2)*-2. Let p = d + 1. What is the units digit of (-2 + 3)/(2 - p)?
1
Let g(j) = -2 - 7*j + 1 - 14*j - 13*j. Let h be g(-2). Suppose 3*o = 4*f - 2*o - h, -3*f - 4*o = -58. What is the tens digit of f?
1
Let j(u) = 2*u - 4*u**3 + 8 - 5 + 0*u**3. Let q(k) = -7*k**3 + 3*k + 7. Let w(h) = -5*j(h) + 3*q(h). What is the units digit of w(0)?
6
Let q(k) = 6*k**2. Let r be q(2). Suppose 18 = 4*p - 2*z, -5*p + 2*z = -z - r. Suppose p*l - 48 = -3. What is the tens digit of l?
1
Let k = -196 + 463. What is the hundreds digit of k?
2
Let z(c) = -15 - 6*c + c**2 - 16*c + 13*c. What is the units digit of z(12)?
1
What is the tens digit of (-10)/3*216/(-15)?
4
Suppose -j = -1 - 22. What is the tens digit of j?
2
Let x be 45/10 + 1/2. Let h